 = h**3 + 3*h**2 - 6*h - 5. What is the units digit of b(i)?
3
Let r = -5 - -33. Suppose 5*h - 5*s + 2 + r = 0, 29 = -4*h + 5*s. Let k = h - -5. What is the units digit of k?
4
Let d(s) = 28*s - 2. Let j be d(-4). Suppose 0 = -0*y + 2*y + 16. What is the units digit of (-2)/8 + j/y?
4
Suppose l + 1 = 4. Suppose -p + 3 + l = 0. What is the units digit of p?
6
Suppose -2*p - 5*x + 148 = 0, 0*x = x - 2. What is the tens digit of p?
6
Let i be (12/15)/(4/10). Suppose i*z - y = -5*y + 12, -40 = 5*z - 4*y. Let g = z - -13. What is the units digit of g?
9
Let a(r) = r**3 + 7*r**2 + 6*r + 6. Let l be a(-6). What is the units digit of 2/(-6) + 32/l?
5
Suppose -6*q = -114 + 6. What is the tens digit of q?
1
Let f(d) = d**2 + d - 5. Let v(p) = p**2 + p - 5. Let s(o) = -3*f(o) + 2*v(o). What is the units digit of s(0)?
5
Let j(u) = -u**3 + u**2 + 3. Let n be j(-3). Let r = n - 1. What is the units digit of r?
8
Let v(r) = -r**2 + 13*r + 35. What is the tens digit of v(11)?
5
Let w = 2 - -1. Suppose p + 20 = w*p. What is the tens digit of p?
1
Suppose 0 = 4*l - 0*l - 16. Suppose 0 = -3*n - l - 2. What is the units digit of 6/4 + 1/n?
1
Let t(y) = y**2 + 7*y + 5. Suppose 3*b = 3*n + 9, 2*b - n = -3*b + 19. Let h be 2/b*-1*14. What is the units digit of t(h)?
5
Suppose 2 = 3*i + 3*d + 8, 2*d + 8 = 0. Let t = -9 - -13. Suppose -3*o + o + 2 = 3*h, -4*h + t = i*o. What is the units digit of h?
2
Suppose -4*l = d - 8 - 3, -l + 3*d = -6. Suppose -l*n + 55 = 19. What is the tens digit of n?
1
Suppose -4 = 5*o - 69. Let a be o + 0 - (2 + -3). Suppose -3*b + 2*m + 18 = -m, -m - a = -2*b. What is the units digit of b?
8
Let l(h) = -h**3 + 8*h**2 - 9*h - 4. Let w be l(7). Let k = 29 + w. What is the units digit of k?
1
Suppose 1568 = 10*c - 3*c. What is the hundreds digit of c?
2
Suppose 2*l - 290 = -98. What is the units digit of l?
6
Suppose 21 = 3*u - 3*b, 2*u - 13 = -u + b. Let j = u - -1. What is the units digit of j?
4
Let d(h) = -34*h - 1. What is the units digit of d(-1)?
3
Let f = -3 - -4. Suppose f = -y - 5. Let r(x) = -x. What is the units digit of r(y)?
6
Let t = 89 - 41. What is the tens digit of t?
4
What is the tens digit of (-2728)/(-36) - (-4)/18?
7
Suppose 0*a + 4*f = 2*a - 2, -4*a + 28 = 4*f. Let v(k) = 4*k - 7. What is the units digit of v(a)?
3
Suppose -18*l = -17*l - 54. What is the units digit of l?
4
Suppose f + 19 = -5*c - 3, 3*f - 24 = 3*c. Let q = c + 12. What is the units digit of q?
7
Let v(j) = 5*j**3 - 6*j**2 + 10. Let s(i) = -i**3 + i**2. Let f = 6 + -5. Let y(p) = f*v(p) + 6*s(p). What is the tens digit of y(0)?
1
Let v = -9 + 8. Let x = v - -8. What is the units digit of x?
7
Let n(u) = -u + 17. What is the units digit of n(-12)?
9
What is the tens digit of 1585/30 + (-1)/(-6)?
5
Let u(g) = 37*g**2 - 2*g - 7. What is the units digit of u(-2)?
5
Suppose -3*t = -7*t - 4, -6 = -4*c + 2*t. Let h(o) = -c + 0 + 14*o**3 + 2 - 2*o + 0. What is the tens digit of h(1)?
1
Let c = -5 + 15. What is the units digit of (40/50)/(4/c)?
2
What is the tens digit of ((1 - 4) + 4)*46?
4
What is the tens digit of 12*6/((-10)/(-5))?
3
Let a be 6/(-8) - 1/4. Let o = a - 0. What is the units digit of (o + 3)*2/4?
1
Suppose -3*u - 249 = -669. What is the units digit of u?
0
Let g(n) = n**2 + n + 8. Let x be g(0). Suppose f + 5*v - 1 = 18, 5*f = 5*v + 125. Let z = f - x. What is the units digit of z?
6
Let a(h) = 4*h**2 - 2*h - 1. Let t be a(-1). Suppose 3*o - 23 = -t*y, y + 0*y = 3*o - 53. What is the tens digit of o?
1
Suppose 22 = -0*i - 3*i - 2*x, 34 = -3*i + x. Let r be (-15)/(-6)*(-8)/i. Suppose 0*z + 28 = 4*z + g, 0 = r*z + 4*g - 28. What is the units digit of z?
6
Suppose 4*s + t + 3*t + 4 = 0, -3*s = -4*t - 32. Suppose 2*j - 14 = -i, -j + 4*j + 23 = s*i. What is the units digit of i?
8
Let q = 53 + -40. What is the units digit of q?
3
Let g(d) = d. Let a be g(3). Suppose -4 = a*k - 10. What is the units digit of k?
2
Let c(d) = -d**3 + 5*d**2 + 5*d. What is the units digit of c(5)?
5
Let n(g) = -1. Let d(y) = y**2 - 9*y + 3. Let b(z) = -d(z) + 2*n(z). What is the units digit of b(6)?
3
Suppose -7*x = -2*x - 275. What is the units digit of x?
5
Let m = 59 - -79. What is the tens digit of m?
3
Let j(b) = -b**3 - 4*b**2 - 4*b - 6*b**2 - 2 + 6*b**2. Suppose 2*s + 3*k + 3 = 0, -2*s - 1 = -2*k + 7*k. What is the units digit of j(s)?
1
Let c be (6/(-8))/((-2)/(-72)). Let w = 50 + c. What is the units digit of w?
3
Let k = 14 + -7. What is the units digit of k - (0 + 0 - -3)?
4
Let h(u) = -2*u**3 - 1. Let g be h(-1). Let t be (g/2)/(1/18). Let y = t - 4. What is the units digit of y?
5
Let w(s) = s**2 + 6*s + 2. Let r = 13 - 19. What is the units digit of w(r)?
2
Suppose 3*t + 2*t - 51 = -a, t - 3*a - 23 = 0. What is the units digit of t?
1
Suppose 17 = z - 2*t, -z - 3*z - 5*t = -3. Let y = 17 - z. What is the units digit of y?
0
Let y(p) = 3*p - 1. Let a be y(2). Suppose -a = -d + h + h, 5*d - 7 = h. Suppose -d = -r + 5*l, -5*l + 5 = -0*l. What is the units digit of r?
6
Suppose 2*q + 6 = 3*t - 6*t, 0 = -t - 2. Suppose 3*g + q*g + 9 = 0. Let s(k) = -k**3 - 3*k**2 - 2*k - 1. What is the units digit of s(g)?
5
Let j be (1/2)/(1/2). What is the tens digit of 285/20 + j/(-4)?
1
Let x = -10 - -6. Suppose 0 = -5*f - 5*a + 25, 0 = -f + 5*a + 5. Let k = x + f. What is the units digit of k?
1
Suppose 152 = 4*d - 4*q, 3*d + d + 2*q = 140. What is the units digit of d?
6
Let c be (9/(-6))/(2/108). Let k = -52 - c. What is the units digit of k?
9
Let g be 1 - -6 - (-9 - -10). Let x be 8/g*3/2. Suppose -x*o + 0*o = 5*f - 18, -3*o + 22 = 5*f. What is the units digit of o?
4
Let w(y) = -y**2 + 6*y - 4. Let i be w(-6). Let l be i/(-18) + (-4)/18. Suppose -2*d = -l*d + 14. What is the units digit of d?
7
Let z(i) = i**3 - 11*i**2 - 14*i - 17. What is the hundreds digit of z(13)?
1
Suppose -4*r + w + 1 = 0, -2*r - 5*w - 5 = 3*r. Let x = r - 2. Let v = x + 7. What is the units digit of v?
5
Let a = 13 - -23. Suppose 3*y = y + a. What is the tens digit of y?
1
Let c(g) = 7*g - 15. What is the units digit of c(9)?
8
Let f(a) = a**3 - 9*a**2 - 2*a + 22. What is the units digit of f(9)?
4
Suppose i = -2*i + 3. Suppose -2*u - i = 2*u + s, -u - 5 = 5*s. Suppose o + u = 4. What is the units digit of o?
4
Let r be (-4 - -2)/(-2) - -2. Let n be 4/6 + 7/r. Suppose n = -x + 8. What is the units digit of x?
5
Let c = 16 + -6. Suppose -t = t - c. Suppose -4 = x - t. What is the units digit of x?
1
Let m = -53 - -1. Let b = m - -86. What is the tens digit of b?
3
Let l = -2 - -4. What is the tens digit of l - (-3 - (-3 + 17))?
1
Suppose -2*c + 6*s + 111 = s, 3*c = -2*s + 214. What is the tens digit of c?
6
Let s(g) = -g**2 - g + 1. Let z be s(1). Let k be (0 - z) + 2*5. Suppose 4*x = -0*x + 3*i - k, -4*i + 22 = 2*x. What is the units digit of x?
1
Let g(t) be the first derivative of -2 + 5*t + t**2 + 1/4*t**4 - 4/3*t**3. What is the units digit of g(4)?
3
Suppose 4*c + 35 = g, -2*g - 33 = 3*c - 114. Let k = g - 21. What is the tens digit of k?
1
Let n(t) = -t + 7. Let d be n(7). Suppose d = 3*m - 2*m - 33. What is the tens digit of m?
3
Let u(j) be the second derivative of 2*j**3/3 - 4*j**2 - 3*j. What is the tens digit of u(5)?
1
Let h(o) = o**2 - 3*o - 8. Let w be h(6). Let c = -6 + w. What is the tens digit of 93/6 + (-2)/c?
1
Suppose 3*p - 6 = -0*p. Suppose -3*s - p*h = -h - 16, s - 4 = h. What is the units digit of s?
5
Suppose 0 = 4*r - 3*v - 517, 2*r = 3*v + 233 + 24. What is the tens digit of r?
3
Let d = -16 - 18. Let z = d + 73. What is the units digit of z?
9
Suppose 4*j = 3*z - 2*z - 12, 3*j + 27 = 3*z. What is the tens digit of 5/(z/6 - 1)?
1
Suppose -y + 4 = 3*w, -3*w = 3*y + 2*y + 16. Suppose w*f = -f + 16. Suppose -k = f*k - 25. What is the units digit of k?
5
Suppose -1 = -j - 0. Let w be j/(2 + (-14)/8). Suppose q - 4 - w = m, -2*q + 13 = m. What is the units digit of q?
7
Suppose -3*q = -3*p - 2*p + 397, -2 = -2*q. Suppose -5 = -u, -5*z = -2*u - u - p. What is the tens digit of z?
1
Let r = -58 + 94. Let b = r + -26. What is the units digit of b?
0
Let t(p) = -p - 2. Let v(g) = -g - 1. Let k(j) = 5*t(j) - 10*v(j). Let i be k(8). Suppose -i = -5*c - 0*c. What is the units digit of c?
8
Suppose -x - 4*x = -1520. What is the hundreds digit of x?
3
Let p(q) = 8*q + 2. Let